 is the tens digit of n?
2
Suppose 0 = -3*q + q. Suppose -2*o + 5*o - 21 = q. Suppose 12 = -3*p, -4*w - o = -2*p - 39. What is the units digit of w?
6
Suppose 64*s + 35630 = 99*s. What is the hundreds digit of s?
0
Let b(u) = -599*u + 19. What is the units digit of b(-5)?
4
Let j(s) = 19*s**3 + 5*s**2 - 11*s + 101. What is the thousands digit of j(5)?
2
Let r = 13 + -12. What is the units digit of 27 + (-4 - 0) + r?
4
Let p(s) = -4*s**3 - s - 1. Let q be p(-1). Suppose 4*v - q*g = 4, 5*v + 3*g - g = 26. Suppose h = v*h - 66. What is the tens digit of h?
2
What is the hundreds digit of (-42036)/(-45) + (-8)/60?
9
Let z = 1527 + -798. What is the tens digit of z?
2
Suppose -5*u + 3*u = -8. Suppose 0 = -3*x + x + u*s - 20, -x + 5 = s. Suppose 4*g - 42 - 46 = x. What is the units digit of g?
2
Let u = 798 + -464. What is the units digit of u?
4
Suppose 5*z = 3*i + 23, 0 = -4*i + 2*i - 2. Let w be 2/8 + 23/z. Suppose -a = -4*v - 30, -a + w*a = -5*v + 125. What is the units digit of a?
6
Let s = 1292 + -884. What is the units digit of s?
8
Let q(p) = 121*p**2 - 2*p - 2. Let w be q(-1). What is the tens digit of 2/3 - w/(-3)?
4
Let p(v) = v**3 + 8*v**2 - 10*v - 6. Let a be p(-9). Suppose -z - 3 = -5*r, z + 2*z - 5*r - 1 = 0. Suppose z*b = a*b - 15. What is the tens digit of b?
1
Suppose 11439 + 48387 = 13*f. What is the hundreds digit of f?
6
Suppose -2*j = -147 - 31. Let w = j + -47. What is the tens digit of w?
4
Let s be ((-364)/78)/((-2)/6). Suppose -10*r = -s*r + 336. What is the tens digit of r?
8
Suppose 8*h - 1460 = 1268. What is the hundreds digit of h?
3
Let z be 59 + -2*((-4)/(-8))/(-1). Suppose z = d + 10. What is the units digit of d?
0
Let i be (0*4/16)/(-2). Suppose i = -2*o - 5*w + 413, -5*w + w + 616 = 3*o. What is the units digit of o?
4
Suppose -z + 344 + 214 = 0. What is the hundreds digit of z?
5
Let u = 24 + -7. Let m = u - 23. What is the units digit of 123/9 - m/(-9)?
3
Suppose -97480 = -38*n - 35388. What is the thousands digit of n?
1
Suppose 2*f - 2*w = -0*f - 4, -5*f + 8 = 4*w. Suppose -t - 7 - 2 = f. What is the units digit of ((-3)/(-3))/((-1)/t)?
9
Let b be ((-2)/4)/(1/2). Let w be (b + 2)*(-1 - -1). Suppose w = 3*l, -3*v + v + 2 = -l. What is the units digit of v?
1
Suppose 0 = -4*i - 3*k + 461, -3*i + 2*k + 323 = -10. Suppose -15 = -4*u - c, c - 6*c - 50 = -5*u. Suppose u*l - 62 = i. What is the units digit of l?
5
Suppose 0 = -0*f + 3*f - 51. Let q = -13 + f. Suppose q*p - 96 = p. What is the tens digit of p?
3
Let z(y) be the first derivative of -7/2*y**4 - y - 1/2*y**2 - 4 - 1/3*y**3. What is the tens digit of z(-1)?
1
Suppose c - 136 = -4*h, 0 = 15*c - 13*c. Let v = 29 + -9. Let a = h - v. What is the tens digit of a?
1
Let a = 22 + -10. Let j = 15 - a. Let m = -2 + j. What is the units digit of m?
1
Let h = 1123 + -639. What is the tens digit of h?
8
Let p(z) be the first derivative of -2*z**2 + 7*z - 14. What is the tens digit of p(-8)?
3
Let c(n) = n**2 + 1. Let b be c(-2). Suppose -798 = -b*p + 3*d, 4*d + 1 + 3 = 0. Suppose 0*u + g + p = 4*u, 2*g + 198 = 5*u. What is the tens digit of u?
4
Let z = 790 + 1428. What is the thousands digit of z?
2
Suppose 0 = -306*g + 279*g + 9990. What is the hundreds digit of g?
3
Let v(t) = -t**2 - 5*t + 10. Let z be v(-6). Suppose -2*q = -0*q - z. Suppose 4*x = w + w + 58, -4*x = q*w - 46. What is the units digit of x?
3
Let l = 478 - 250. Let a = -86 + l. What is the tens digit of a?
4
Let n(w) = 2*w - 4. Let l be n(3). Suppose -2*z + 0*g = -l*g + 10, 4*g = -z - 10. What is the units digit of z*((-9)/6 + 1)?
3
Let k(i) = -230*i - 268. What is the thousands digit of k(-9)?
1
Let l = 5340 + -3802. What is the hundreds digit of l?
5
Suppose -3788 = -9*k - 485. What is the hundreds digit of k?
3
Let i(q) = 5*q. Let y be i(-7). Suppose 4*s = -j + 6*j + 269, 0 = -3*j - 2*s - 179. Let o = y - j. What is the units digit of o?
2
Let t = 5406 + -9862. What is the hundreds digit of (t/10)/(-4) - (-12)/(-30)?
1
Suppose 4559 = 19*o - 7373. What is the units digit of o?
8
Suppose 5176 = 8*b + 544. What is the units digit of b?
9
Suppose -3*w - 14 = -3*y - 44, -2*y + 4 = w. Suppose -5*u - 3*a = -6*a - 3, 2 = -2*a. Suppose w = s - u*s. What is the units digit of s?
8
Let a = -26 - -40. What is the units digit of (a/(-10))/((-2)/20)?
4
Suppose -5*t = -w - 267, 0 = -t + 4*t - 2*w - 163. What is the tens digit of t?
5
Let o be (-15)/(-120)*(7 + 1). Let g(q) = 25*q**2 - 5*q + 5. What is the units digit of g(o)?
5
Let y = -15 - -2. Let i = 5 - -17. Let n = y + i. What is the units digit of n?
9
Suppose 2*r = -12 + 4. What is the units digit of (r/6)/((-6)/27) + 82?
5
Let u be 8/28 + 1191/21. Suppose -2*g = g - u. What is the units digit of g?
9
Let m(n) = 12*n - 17. Let u = 19 - 13. What is the tens digit of m(u)?
5
Let y(c) = c**2 - 8*c - 13. Let b be y(9). Let k be b/3 + 3/9. What is the units digit of (23 - 2) + (k - -1)?
1
Suppose -2*x = x + 66. Let w = x + 36. What is the tens digit of w?
1
Let r be (2 + 20/(-6))*-129. Suppose -r = -3*b - b. What is the units digit of b?
3
Let d(l) = -l**2 + 22*l - 50. What is the tens digit of d(17)?
3
Suppose -5 - 4 = 3*o. Let r be -19 - (9/o + 0). What is the units digit of 8/r*(-13 + -1)?
7
Let k = 905 - 383. Suppose -6*b = -294 - k. What is the units digit of b?
6
Let a = -60 + 90. Suppose d = 95 - a. What is the tens digit of d?
6
Let j(k) = -k**3 + 6*k**2 + 10*k + 39. What is the tens digit of j(-6)?
1
Let t(n) be the first derivative of n + 9 + 3/2*n**2. What is the units digit of t(15)?
6
Suppose -7*g - 37 + 9 = 0. Let v(j) = 2*j**3 - j**2 - 3*j + 3. Let d be v(-3). What is the units digit of d/(-12) - (-1)/g?
4
Let z(s) = 2*s**3 - 11*s**2 + 3*s - 62. What is the tens digit of z(8)?
8
Suppose b - 931 = -5*g, 3*b + 3*g - 222 - 2607 = 0. What is the hundreds digit of b?
9
Suppose 3*n - 5 = 2*n. Suppose -3*l - d = -431, 3*l - n*d = 485 - 30. What is the tens digit of l?
4
Suppose 0 = 2*t - 44*g + 41*g - 7226, -3*g = 6. What is the hundreds digit of t?
6
Suppose -73*p + 248940 = 17*p. What is the thousands digit of p?
2
Suppose 0 = g + t - 5 - 1, -24 = -4*g + 3*t. Let m be -6 + 9 - 4/(-2). Suppose -47 = -4*z - a, 0 = a - g*a - m. What is the tens digit of z?
1
Let a(f) = f**3 - 49*f**2 - 37*f - 98. What is the tens digit of a(50)?
5
Let d(x) = -16*x + 52. Let s be d(20). Let z = 523 + s. What is the tens digit of z?
5
What is the units digit of (102/18 + -6)*-71*147?
9
Suppose 12*l + 79 - 751 = 0. What is the tens digit of ((-11)/(-2))/(((-4)/l)/(-1))?
7
Suppose 130 = 4*a + a. Let p = 34 - a. Suppose p + 72 = 2*t. What is the units digit of t?
0
Let i(h) = 2*h - 5. What is the units digit of i(3)?
1
Let k = -182 + -38. Let h = 420 + k. Suppose -5*c - 102 + 322 = 5*s, 5*c + s - h = 0. What is the units digit of c?
9
Suppose 5*d + 9 - 24 = 0. Let i be (10/(-3))/(8/(-180)). Suppose -3*v + i = -d*m - 75, 2*m = -2. What is the tens digit of v?
4
Let f(y) = y**3 - 6*y**2 + 2*y - 3. Let g be f(5). Let h = g - -23. Suppose 9*p - 4*p = 3*v - 58, h*v + 5*p = 150. What is the units digit of v?
6
Suppose 12*y = 33*y - 2331. What is the tens digit of y?
1
Let y(i) = -i**2 + 5*i - 6. Let s be y(2). Let w(o) be the third derivative of o**4/24 + 73*o**3/6 - 4*o**2. What is the units digit of w(s)?
3
Let k(u) = u**2 + 8*u - 6. Let o be k(5). Let x = o - 86. What is the tens digit of (-7)/14 - x/2?
1
What is the hundreds digit of 12/(-36) + -2*(-1338)/9?
2
Suppose 1 = -i + 4. Suppose i*p + p = 8. Suppose 0 = -4*j + p*j + 96. What is the units digit of j?
8
Suppose 2*z - 5*x - 296 = 32, 0 = -5*z + 3*x + 820. Let t = z + -81. What is the units digit of t?
3
Let i(x) = x - 6. Let j be i(11). Let s = j - -24. What is the units digit of s?
9
Let b = -23 - -10. Let h(k) = -2*k + 30. Let z be h(b). Let v = z + -33. What is the units digit of v?
3
Suppose 2*o - 17 = -3*a, 0*o = a + o - 7. Suppose -u = a*u - 296. What is the units digit of u?
4
Let s(p) = 333*p - 418. What is the thousands digit of s(6)?
1
Let s = 3 + 13. Suppose -6*w = 20 + s. What is the units digit of (15/w)/((-3)/6)?
5
Let d(h) = 23*h**2 - 60*h - 45. What is the units digit of d(-8)?
7
Let y(h) = 9*h - 9. Let r(q) = 9*q - 10. Let x(p) = -3*r(p) + 4*y(p). What is the units digit of x(7)?
7
Suppose -b + 6